-3 - 2*o**2 + o**2 - 2*o - 3*o**2 - o. Determine m(-2).
-13
Suppose -5*f + 2*v + 13 = 0, -8 = -3*f - 2*v + 3. Let k(n) = -n**2 - 2*n + 2. Calculate k(f).
-13
Let w(g) = g**3 + 5*g**2 + 2*g - 1. Let s be (-2)/12 + (-3)/(-18). Suppose s*t - 4*p - 15 = 3*t, -2*p = 4*t + 20. What is w(t)?
-11
Let v(c) = -6*c + 4*c - c**2 + 7*c. Give v(5).
0
Suppose -7*q - 19 = -12. Let j(f) = 4*f**2. Give j(q).
4
Let a be (-1 - 1) + 14/2. Suppose -a*n - 10 = 20. Let z(l) = l**3 + 5*l**2 - 6*l + 6. Determine z(n).
6
Let j(f) = f + 7 - 15 + f**2 + 1. Determine j(0).
-7
Suppose -b - 3 = -5. Let l(s) = 4*s + 43*s**2 - 1 - 45*s**b - 1. Calculate l(3).
-8
Let k(h) = 2*h**2 - 3*h - 3. Let u(x) = 2*x**2 - 3*x - 4. Let q(o) = 6*k(o) - 5*u(o). Let g(b) be the first derivative of q(b). Give g(-3).
-15
Let i(n) be the third derivative of n**4/24 - n**3/6 - 13*n**2. Give i(-6).
-7
Let d be 3/2*40/15. Let v be -2*(-3 - (-10)/d). Let q(k) = 10*k**3 - k**2 - k + 1. What is q(v)?
9
Suppose 3*b - 3 + 6 = 0. Let k be ((-1 - -2) + b)/2. Let o(x) = -5*x + 3. Let f(n) = 9*n - 5. Let a(h) = -6*f(h) - 11*o(h). What is a(k)?
-3
Suppose 5 = 4*r + 25, 0 = 3*x + 3*r - 30. Let t = 15 - x. Let l(s) = -s**2 + s - 7. Determine l(t).
-7
Let v(q) be the second derivative of q**3/6 - 5*q. Suppose 3*p = -p - 16. What is v(p)?
-4
Let g(i) = i**2 - 8*i + 2. Suppose -34 - 8 = -7*a. Give g(a).
-10
Let u(z) = z**2 - 6*z - 7. Let h be u(8). Suppose -4*v = 1 - h. Let p(x) = 2 + 3 - 4 - v*x + x**2 - 3*x**2. Determine p(-2).
-3
Let f(a) be the second derivative of 1/3*a**3 - 3*a**2 + a + 0. Determine f(4).
2
Let o(s) = -s + 1. Let m(r) = r**2 - 3*r + 4. Let p(j) = m(j) + 2*o(j). Let x(i) = -i**2 + 8*i - 1. Let d be x(7). Give p(d).
12
Suppose c = 2*a - 5 - 2, -13 = c - 5*a. Let t(u) be the first derivative of -u**3/3 - u - 2. What is t(c)?
-10
Let m = 9 + -5. Let v(p) = 5*p - 2*p - m - 2*p + p**2. Suppose -2*a - 6 = -0*a. Determine v(a).
2
Let n(x) = 2*x - 6. Let o(g) = 3*g - 6. Let b(m) = 5*n(m) - 4*o(m). Determine b(-7).
8
Let n(p) be the third derivative of 0 + 1/60*p**5 + 0*p + 1/2*p**3 - 2*p**2 + 1/6*p**4. Let d(g) = -g**2 - 7*g - 4. Let u be d(-7). Give n(u).
3
Let l(y) = -y - 15. Let c(k) = k + 10. Let v be (-5 + 2 - -5) + 3. Let s(n) = v*l(n) + 7*c(n). Calculate s(4).
3
Let l(n) = 6*n**2. Let q be 2 + (0/(-2))/1. Let z be l(q). Suppose 4*i - 2*u - z = 0, u = i - u - 9. Let s(r) = -r + 6. What is s(i)?
1
Let k(j) = j**3 + j**2 + j + 1. Let d(y) = -6*y**3 - 2*y**2 - 5*y - 7. Let u(x) = -d(x) - 5*k(x). Calculate u(3).
2
Let m(w) = w + 1. Let y be 0 + (1 - 3/1). Let z be (-2 - 3/y)*-14. Suppose 4 = a, s = -4*a + 3 + z. What is m(s)?
-5
Suppose l = -2 - 1. Let h(z) = -z**2 - 5*z + 2. What is h(l)?
8
Let a(x) be the third derivative of -7*x**6/120 + x**5/60 - x**4/12 + x**3/6 - 2*x**2. Let m = -11 - -13. Suppose -m = t - 3*t. What is a(t)?
-7
Let i(c) be the third derivative of -c**7/168 - c**6/180 + c**4/24 - c**3/6 - 2*c**2. Let b(s) be the first derivative of i(s). Calculate b(-1).
4
Let a = 22 + -11. Suppose 5*o + v - a = 9, o = 4*v + 4. Let z(k) be the first derivative of -k**2/2 + 6*k - 1. What is z(o)?
2
Let a(v) = v**2 - 17. Suppose 15*n = 17*n. What is a(n)?
-17
Suppose 0 = m + 5*o + 26, -m + 19 = -2*o - 2*o. Let b(g) = -13*g**3 - g. Give b(m).
14
Suppose 3*f = 4*f + 5*c + 1, 0 = -4*c - 4. Let a(r) be the third derivative of r**6/120 - r**5/20 - r**4/24 - 5*r**3/6 - r**2. Give a(f).
7
Let j(s) = -12*s**2 + 13*s**2 + s - 5*s + 4*s**2 - 1 - s**3. Let t be j(4). Let b(r) = -4*r**2 + 1. Calculate b(t).
-3
Let j(b) be the second derivative of -1/2*b**2 + 0 + 1/6*b**3 - 2*b. Calculate j(-5).
-6
Let j(p) be the third derivative of p**4/24 - p**3 + 4*p**2. Let o(k) = -3*k - 1. Let v be o(-2). Let w(b) = b - 1. Let n be w(v). What is j(n)?
-2
Suppose -2*a + 34 = 5*x, 2*x + 2 = -3*a + 20. Let s(v) = 11*v + 5. Let g(o) = 9*o + 4. Let p(u) = 5*g(u) - 4*s(u). Calculate p(x).
6
Let v(n) = n**3 - n + 1. Suppose -2*q + 19 + 15 = 0. Suppose -2 = 5*o - q. Suppose 0 = -2*l + 6*l - 16, 0 = o*p + 2*l - 11. What is v(p)?
1
Let l = 58 + -163. Let m = -60 - l. Let d be (-2)/3 - m/(-27). Let j(o) = 5*o**2. Determine j(d).
5
Let d(w) = -2*w - 7. Let q(g) = 5*g + 20. Let n(u) = -8*d(u) - 3*q(u). What is n(3)?
-1
Let w = 7 + -10. Let p(f) = 2 - 5 - 2*f - f. What is p(w)?
6
Suppose -5*g = 5*n - 30, -23 = -4*g - 2*n - 5. Let k(u) = -3*u - 1 + 2*u**3 + 5*u**2 - 3*u**2 + u**2 - u**g. Determine k(-3).
8
Let m(w) = -3*w + 4. Let h(f) be the second derivative of 3/2*f**2 - 1/12*f**4 + 0*f**3 - 1/20*f**5 + 0 - f. Let o be h(0). Give m(o).
-5
Suppose -4*p + 6*p + 3*h + 1 = 0, -5*p = 3*h + 16. Let s(q) = q - 7. Give s(p).
-12
Let x(q) = -q + 3. Let z(w) be the first derivative of -w**4/4 - w**2/2 + w - 5. Let p be z(1). Let g(s) = -7*s**3 - 2*s**2 - s. Let a be g(p). Give x(a).
-3
Let z(r) = r**2 - 2*r - 1. Suppose 2*h = 3 + 7. Give z(h).
14
Let x(i) be the first derivative of -i**5/20 + i**4/4 - i**3/3 - i**2 + i - 2. Let g(q) be the first derivative of x(q). Give g(3).
-8
Let z(y) = -y - 6. Suppose -38 = 5*g + 37. Let q = -18 - g. Determine z(q).
-3
Let q(s) = s + 1. Let o(y) = 9*y**3 - y**2 + 7*y + 5. Let g = -18 - -12. Let l(p) = g*q(p) + o(p). Determine l(1).
8
Suppose 0 = -4*r - 8 - 12. Let p = 21 + -12. Let h = r + p. Let s(t) = -3*t + 6. Determine s(h).
-6
Suppose -7 - 3 = -5*d, 4*d - 16 = -2*m. Let c(z) be the third derivative of -3*z**2 + 1/12*z**5 - 1/2*z**3 + 0 - 1/120*z**6 + 1/12*z**m + 0*z. Determine c(5).
7
Let p = -31 + 35. Let f(s) = 5*s**2 + s - 1. Let y(d) = -d**2 - d. Let g(c) = -f(c) - 4*y(c). What is g(p)?
-3
Suppose -3*m + 315 = 2*m. Suppose 0 = -5*h - 3*x + 105, 2*x = -5*h + 37 + m. Suppose 4*w - 5 + 17 = 2*p, -3*p - 4*w = -h. Let v(t) = t**2 - 6*t - 1. Give v(p).
-1
Let y(n) = n**2 + 4*n + 3. Let s be y(-2). Let w(v) = v**3 - v**2. Let b(p) = 5*p**3 - 11*p**2 + 4*p + 8. Let j(x) = s*b(x) + 4*w(x). Give j(6).
4
Suppose 0 = 2*s - 3*s. Let t(g) = -2*g**3 - 15*g**2 + 11*g + 20. Let d(b) = b**3 + 7*b**2 - 5*b - 10. Let z(w) = -13*d(w) - 6*t(w). Determine z(s).
10
Let n(z) = -11*z - 4. Suppose 6*w = 3*w - 15. Let l(r) = 10*r + 3. Let u(k) = k**2 + 8*k + 8. Let v be u(-6). Let t(a) = v*n(a) + w*l(a). What is t(1)?
-5
Let g(z) = 2*z**2 + 5*z + 1. Let s(p) = -p**2 - p + 1. Let i(d) = g(d) + s(d). Give i(-5).
7
Let c(u) = u**2 - 2*u. Let x(l) = -3*l + 1. Let y(a) = -2*c(a) + 3*x(a). Give y(-4).
-9
Suppose 5*m = g - 30, -3*m = g - 3*g + 25. Let q(z) = z**3 - 4*z**2 - 4*z - 5. Give q(g).
0
Let i(y) = -1. Let p(z) = -z. Let k(n) = -i(n) + p(n). Let o be k(0). Let h(b) = 3*b**3 - o + b**3 + 4*b**2 + b**3 - 6*b**3. Calculate h(2).
7
Let i(b) = 3*b**2 - 5*b + 7. Let x(p) = 4*p**2 - 4*p + 8. Let r(f) = 3*i(f) - 2*x(f). Give r(6).
-1
Let x(b) = 3*b**3 - 3*b**2 + 3*b - 7. Let f(w) = 2*w**3 - 2*w**2 + 3*w - 6. Let h(c) = 4*f(c) - 3*x(c). Determine h(2).
-1
Let c = -12 - -14. Let r(a) = a**2 - 4*a**2 - a + c*a**2 + 0*a - 7. Give r(0).
-7
Let g = 0 + 1. Let z = g + 2. Let h(u) = -z*u**3 + 6 - u - 5*u**2 - u**2 + 2*u + 2*u**3. Give h(-6).
0
Let o(b) = 2 + 3*b - 1 - b. Determine o(-2).
-3
Suppose -2*l - 3*l + 25 = 5*m, -3*l = 5*m - 21. Let g(c) = 5*c**3 + c - 2 - 3*c**2 - c**3 + c**3 - 3*c**3. Give g(l).
4
Let n(w) = 7*w - 1. Suppose -12*m + 10*m + 2 = 0. What is n(m)?
6
Let c(d) = 11*d + 23. Let r(n) = -2*n - 4. Let h(p) = 6*c(p) + 34*r(p). Let y be 0/(0 + -1) - 2. Give h(y).
6
Let q(t) = t**3 - t**2 + 2*t - 1. Let f be q(1). Let b(u) = -f + u**3 + 2 + u**2 + 0*u**3. Suppose 0 = 3*w + w. What is b(w)?
1
Let u(t) be the second derivative of -1/6*t**3 + 2*t**2 + 3*t + 0. Let c = -7 + 11. What is u(c)?
0
Let h be (2/4)/(3/(-12)). Let g(i) = 4*i + i**3 + 2 + 3*i + 19*i**2 - 24*i**2. Let x(u) = -u**3 + 5*u**2 - 6*u - 1. Let r(m) = h*g(m) - 3*x(m). Give r(3).
-7
Let z(r) be the third derivative of 4*r**2 + 1/6*r**3 - 1/12*r**4 - 1/12*r**6 + 1/30*r**5 + 0 + 0*r. Calculate z(1).
-9
Let a(o) = -6 - 2*o + 2*o + 4*o - o. What is a(4)?
6
Let l(n) = -15*n + 9. Let c(d) = 4*d - 2. Let y(v) = 18*c(v) + 4*l(v). Give y(-1).
-12
Let w(z) be the second derivative of z**4/12 - z**3 + 2*z**2 - 12*z. Let g(m) = -5*m - 1. Let u be g(-1). What is w(u)?
-4
Let f(s) be the first derivative of -s**4/4 - s**3 + 5*s**2/2 + 2*s + 1. Suppose 3*a - 4*a - 3 = 